lculate the remainder when 3978573 is divided by 795714.
3
Calculate the remainder when 1116535 is divided by 1746.
841
What is the remainder when 738551 is divided by 649?
638
What is the remainder when 36126195 is divided by 221633?
16
Calculate the remainder when 15468823 is divided by 7734396.
31
Calculate the remainder when 638165 is divided by 6080.
5845
Calculate the remainder when 41134659 is divided by 2938189.
13
Calculate the remainder when 13058950 is divided by 1187174.
36
What is the remainder when 3255201 is divided by 3463?
3444
Calculate the remainder when 514303 is divided by 258.
109
Calculate the remainder when 1441211755 is divided by 1388.
1387
Calculate the remainder when 1064863 is divided by 116.
99
What is the remainder when 37084436 is divided by 545359?
24
Calculate the remainder when 606495 is divided by 6391.
5741
Calculate the remainder when 29840129 is divided by 1162.
1131
Calculate the remainder when 339620 is divided by 1239.
134
Calculate the remainder when 2500072 is divided by 47171.
9
Calculate the remainder when 148242782 is divided by 1874.
12
What is the remainder when 264099 is divided by 16506?
3
What is the remainder when 101029038 is divided by 17350?
17338
Calculate the remainder when 20670 is divided by 2471.
902
Calculate the remainder when 38300 is divided by 9574.
4
Calculate the remainder when 3018 is divided by 665.
358
Calculate the remainder when 432015 is divided by 8455.
810
Calculate the remainder when 11749264 is divided by 1103.
108
Calculate the remainder when 2956692 is divided by 473.
442
Calculate the remainder when 10594 is divided by 441.
10
Calculate the remainder when 354180 is divided by 133.
1
What is the remainder when 1603860 is divided by 80191?
40
Calculate the remainder when 1966774 is divided by 117.
4
Calculate the remainder when 3629445 is divided by 206.
137
What is the remainder when 327017 is divided by 1656?
785
What is the remainder when 46088 is divided by 597?
119
What is the remainder when 23175 is divided by 368?
359
Calculate the remainder when 825171 is divided by 59.
56
What is the remainder when 70948519 is divided by 15707?
0
Calculate the remainder when 909117 is divided by 113621.
149
What is the remainder when 3789639 is divided by 3927?
84
What is the remainder when 4382748 is divided by 135?
108
What is the remainder when 21251495 is divided by 17?
16
What is the remainder when 1746817 is divided by 668?
665
What is the remainder when 18575 is divided by 9251?
73
Calculate the remainder when 3787 is divided by 966.
889
Calculate the remainder when 33211475 is divided by 582657.
26
What is the remainder when 2927 is divided by 2561?
366
What is the remainder when 1146114 is divided by 4150?
714
What is the remainder when 5572801 is divided by 68?
65
Calculate the remainder when 32866506 is divided by 8.
2
Calculate the remainder when 62588 is divided by 20775.
263
Calculate the remainder when 7216470 is divided by 2714.
2658
What is the remainder when 8408342 is divided by 1666?
40
What is the remainder when 11337 is divided by 207?
159
Calculate the remainder when 112320947 is divided by 35.
32
What is the remainder when 14200340 is divided by 835314?
2
What is the remainder when 400808 is divided by 57234?
170
Calculate the remainder when 1953692 is divided by 28314.
26
Calculate the remainder when 283477 is divided by 1613.
1202
What is the remainder when 542300 is divided by 288?
284
Calculate the remainder when 95358 is divided by 95315.
43
What is the remainder when 39768 is divided by 1415?
148
What is the remainder when 90842 is divided by 45215?
412
What is the remainder when 2661736 is divided by 17?
12
What is the remainder when 626482 is divided by 1211?
395
Calculate the remainder when 23074711 is divided by 80.
71
Calculate the remainder when 12698123 is divided by 1232.
1131
What is the remainder when 36045 is divided by 12000?
45
What is the remainder when 324595 is divided by 4389?
4198
Calculate the remainder when 409241 is divided by 13.
1
What is the remainder when 695727 is divided by 1400?
1327
Calculate the remainder when 4641762 is divided by 148.
38
What is the remainder when 268352 is divided by 5785?
2242
Calculate the remainder when 1059340 is divided by 25.
15
What is the remainder when 5212067 is divided by 6419?
6258
Calculate the remainder when 631256 is divided by 2630.
56
What is the remainder when 599657 is divided by 4409?
33
What is the remainder when 1134714 is divided by 567352?
10
Calculate the remainder when 957498 is divided by 7.
3
What is the remainder when 577693239 is divided by 2943?
2940
Calculate the remainder when 5055620 is divided by 184.
36
Calculate the remainder when 1901081 is divided by 41327.
39
Calculate the remainder when 15510 is divided by 4139.
3093
Calculate the remainder when 1863033 is divided by 6432.
4185
Calculate the remainder when 47844 is divided by 15864.
252
What is the remainder when 1464492 is divided by 1001?
29
What is the remainder when 51423 is divided by 591?
6
Calculate the remainder when 481113 is divided by 240179.
755
Calculate the remainder when 10146329 is divided by 281.
262
Calculate the remainder when 287335 is divided by 16.
7
What is the remainder when 236592365 is divided by 70?
65
Calculate the remainder when 1456853 is divided by 208099.
160
Calculate the remainder when 100654 is divided by 30993.
7675
What is the remainder when 792619 is divided by 2366?
9
What is the remainder when 185662138 is divided by 92831069?
0
What is the remainder when 5449034 is divided by 487?
478
Calculate the remainder when 4915324 is divided by 28.
8
Calculate the remainder when 28055 is divided by 8236.
3347
Calculate the remainder when 362706 is divided by 770.
36
What is the remainder when 87213 is divided by 1004?
869
What is the remainder when 625201 is divided by 1559?
42
What is the remainder when 54096 is divided by 610?
416
Calculate the remainder when 793701 is divided by 264319.
744
What is the remainder when 151042 is divided by 2648?
106
Calculate the remainder when 6140 is divided by 2529.
1082
Calculate the remainder when 14558678 is divided by 4852887.
17
Calculate the remainder when 1664929 is divided by 110994.
19
Calculate the remainder when 5372416 is divided by 2514.
2512
What is the remainder when 318474 is divided by 7922?
1594
What is the remainder when 33877781 is divided by 31?
20
What is the remainder when 7282118 is divided by 520151?
4
What is the remainder when 7124967 is divided by 280?
87
Calculate the remainder when 13500 is divided by 1252.
980
What is the remainder when 72685191 is divided by 64?
7
Calculate the remainder when 194173 is divided by 361.
316
Calculate the remainder when 8884681 is divided by 56232.
25
Calculate the remainder when 283360 is divided by 141621.
118
What is the remainder when 424189 is divided by 384?
253
Calculate the remainder when 2647174 is divided by 1227.
535
What is the remainder when 1519092 is divided by 379769?
16
Calculate the remainder when 201213 is divided by 397.
331
Calculate the remainder when 950461 is divided by 170.
161
Calculate the remainder when 66056 is divided by 8215.
336
Calculate the remainder when 14127608 is divided by 1765930.
168
Calculate the remainder when 669259 is divided by 58.
55
Calculate the remainder when 5212187 is divided by 370.
367
What is the remainder when 10907825 is divided by 42?
5
Calculate the remainder when 18979876 is divided by 13.
6
Calculate the remainder when 4163720 is divided by 520465.
0
Calculate the remainder when 1276253 is divided by 638126.
1
What is the remainder when 59367 is divided by 28763?
1841
Calculate the remainder when 29913909 is divided by 14.
11
Calculate the remainder when 493298 is divided by 37767.
2327
What is the remainder when 359335 is divided by 359328?
7
Calculate the remainder when 67097826 is divided by 1242552.
18
Calculate the remainder when 20300800 is divided by 2255643.
13
What is the remainder when 128776963 is divided by 547987?
18
Calculate the remainder when 2588542 is divided by 107855.
22
Calculate the remainder when 22643 is divided by 3164.
495
What is the remainder when 11945614 is divided by 29?
21
What i